 be (0 - 2)/(2/3). What is p(d)?
-9
Let w be 1 + -1 + 0 - -1. Let d(i) = -2*i + 2 + 0 - 11*i**3 - 1. Calculate d(w).
-12
Let o(y) = -31 + y - 2*y + 10 + 10. Give o(0).
-11
Suppose -2*y - 6 = -4*u, 2*y = -3*y + 3*u - 1. Let o = y - -5. Let p(n) = o + 6*n - 2 + 3 + n**2. Give p(-5).
2
Let w(m) = -m - 1. Let y be w(-6). Let n(b) = 3 - 1 - b + b**2 + y*b. Suppose 2 = -2*x + x, -4*c + x = 10. Give n(c).
-1
Let w(i) be the third derivative of i**5/60 - i**4/3 + 7*i**3/6 + i**2. Let c(r) = -2*r - 32. Let n be c(-19). Give w(n).
-5
Let l be (-3)/(-4) + 38/(-8). Let g be (13 + -1)*l/(-16). Let z(b) = b**2 - 2*b - 1. What is z(g)?
2
Let d(l) = l**2 + 5*l + 4. Let k be (4 + (-21)/4)*4. Determine d(k).
4
Suppose 0 = 3*n - 6 - 3. Let v(o) = 7 - 4*o - 3 - o**3 - 2*o**3 + 4*o**n - o**2. Let r be (9/(-6))/(2/(-4)). Determine v(r).
10
Let g(b) be the first derivative of b**4/4 - 5*b**3/3 - 7*b**2/2 + 5*b - 18. Calculate g(6).
-1
Let s(d) = d**3 - 5*d**2 - 9*d + 3. Let a be (-2)/(-4) - (-55)/10. Give s(a).
-15
Let p(c) = c**3 + 4*c**2 - 2*c - 1. Let j(i) = i + 3. Let k be j(2). Let m(o) = -2 - 4*o + o**3 + 1 + 9*o**2 + o**3. Let h(g) = k*p(g) - 2*m(g). Give h(-2).
1
Let j(i) = 2*i + 2. Let b be j(-3). Let o(u) = 5*u**2 + 2*u - 4. Let w(q) = -4*q**2 - q + 4. Let p(h) = -5*o(h) - 6*w(h). Give p(b).
-4
Let b(l) be the second derivative of -l**4/12 - l**3 - 5*l**2/2 - 2*l. Let x be b(-5). Let j(i) = i + x*i - 3 + 0*i. Calculate j(0).
-3
Let o(h) be the first derivative of h**4/2 - h**3/3 + h + 26. Let c(z) = -z**2 - 8*z - 6. Let s be c(-7). Calculate o(s).
2
Suppose -14 = -5*w + 16. Let k(p) = p**3 - 5*p**2 - 5*p - 4. What is k(w)?
2
Let f be -3*(1 + -2 + 0). Let m(d) = d**3 - 3*d**2 - 2. What is m(f)?
-2
Let l be (-1)/(-1) - (-1)/(-1). Let f(k) = k - 3*k**2 + 0*k - k**2 + 3*k**2. Determine f(l).
0
Let d(t) = -3*t + 4*t - t - 6*t. Suppose 0 = 3*a - 5 + 2. What is d(a)?
-6
Let t(o) = o - 11. Suppose 2*m - 5*m - 6 = 0. Let x(d) be the first derivative of 3*d**2 - 56*d + 9. Let g(u) = m*x(u) + 11*t(u). Calculate g(0).
-9
Let f be 3/(5/((-10)/(-6))). Let u = f + 0. Let g be 4 - (5 + -3)*u. Let o(k) = 3*k. What is o(g)?
6
Let i(p) be the second derivative of p**4/12 - 5*p**3/6 - 5*p**2/2 + 38*p. Give i(5).
-5
Let a be (-2)/9 - (-8)/36. Let d(f) = f**2 - 3. Give d(a).
-3
Let w(z) = -z. Let q(r) = -6*r + 8. Let f(j) = q(j) - 5*w(j). Let h(o) = o**3 - 4*o**2 - 5*o + 7. Let s be h(5). Determine f(s).
1
Let z be (-2 + 4 - 0) + -2 + 0. Let p(v) = v**2 + 1. Let b(o) = 4 - 2*o**2 - 2*o**2 + o**2 + o. Let m(j) = b(j) + 2*p(j). What is m(z)?
6
Let j be (-15)/(6*(-3)/12). Let y be (-1)/(-3 + j/4). Let b(i) = -i + 1. Give b(y).
-1
Let o(q) be the second derivative of q**4/12 + 2*q**3/3 + 3*q**2/2 + 4*q. Calculate o(-6).
15
Let u(s) be the first derivative of s**4/4 + 5*s**3/3 + 5*s**2/2 - 2*s - 1. Let z be -1 - -1 - (1 + 3). Let b = z - 0. What is u(b)?
-6
Let b(s) = -6*s**3 - 4*s - 2*s**2 + 9*s**3 + 3*s + 0*s**2. Let c = 2 + -3. Calculate b(c).
-4
Let n(d) = d**2 - 4*d - 2. Let k be n(4). Let y(x) = x - 6. Let w(m) = 5. Let q(s) = 3*w(s) + 2*y(s). What is q(k)?
-1
Let d(z) = 13*z**3 - z**2 - z. Let g be (-2)/10 - (-12)/(-15). Give d(g).
-13
Suppose -2*l - 23 = 4*b - 9*b, b - 2*l - 3 = 0. Let k(s) = s**3 - 5*s**2 + s - 6. Calculate k(b).
-1
Let y(p) = -5*p**3 - p. Let r be y(-1). Let c(z) = -r*z + z + 2 + 2*z + z. Give c(2).
-2
Let c(g) = 9*g - 26. Let j(x) = 4*x - 13. Let q(p) = 3*c(p) - 7*j(p). What is q(6)?
7
Let g = -34 + 37. Let r(q) = -2*q**2 + 3*q + 2. Determine r(g).
-7
Suppose 2 = 2*j - 0. Let c(o) be the second derivative of -11*o**7/840 + o**5/120 + 5*o**3/6 - o. Let r(l) be the second derivative of c(l). What is r(j)?
-10
Let g(m) be the second derivative of 1/20*m**5 - 5/24*m**4 + 0*m**3 - m + m**2 + 0 + 1/120*m**6. Let z(x) be the first derivative of g(x). Determine z(-4).
4
Let x = 13 + -12. Let v(i) = -5*i - 1. Let d(j) = 5*j + 1. Let r(k) = 7*d(k) + 6*v(k). Determine r(x).
6
Let v = 45 - 44. Let j(b) be the second derivative of -2*b - 1/2*b**2 + 0 + 4/3*b**3. What is j(v)?
7
Let s(b) = -b**2 - 3*b - 3. Let l be (1 - 3/2)/((-16)/(-128)). Calculate s(l).
-7
Let i be (0 + 1 - 1) + -2. Let n be 4/22 + 4/(-22). Let w(r) = -1 + n*r + 0*r + 2 - r. Determine w(i).
3
Let k = 15 + -10. Suppose -4*v + 0 = -8. Let h(g) = g**3 + 3 + 5*g - v + 1 - 6*g**2 - g. Determine h(k).
-3
Suppose -5*b = -0*o - 3*o - 16, -6 = 3*o - 3*b. Let t(v) = -v + 4*v**2 + 2*v**o + 1 - v**3 + 4*v + 0*v**3. What is t(-2)?
3
Let s(x) = -2*x**2 - x + 1. Let a = -6 + 7. Let o be s(a). Let f(p) = 3*p**2 + 4*p + 2. Determine f(o).
6
Let x(c) be the first derivative of c**5/60 - c**4/8 - 2*c**3/3 + c**2 + 7. Let y(m) be the second derivative of x(m). Determine y(4).
0
Let a(g) = g**3 - 2*g. Let l = 9 - 3. Let z(q) = q**3 - 5*q**2 - 6*q + 8. Let h be z(6). Let i = h - l. Determine a(i).
4
Let v(j) be the first derivative of -j**3/3 - 4*j - 4. Let h(g) = 4*g**2 - g + 13. Suppose 0*u = 4*u - 16. Let l(o) = u*h(o) + 14*v(o). What is l(4)?
12
Let f(j) = -7 - 12 - 5*j - 5 + 30. Calculate f(6).
-24
Let u(y) = -1 + 2*y - 8*y**3 + 9*y**3 - 7*y**2 + y**2. Determine u(6).
11
Let o(d) = 2*d**2 - 9*d + 3. Suppose -8 = r - 3. Let b(k) = -3*k**2 + 14*k - 5. Let n(v) = r*b(v) - 8*o(v). Give n(-2).
-7
Suppose -2*r + l = -3*l - 22, 0 = -3*r - 5*l. Let s(u) be the first derivative of 2*u**2 - 2*u**3 + 1/4*u**4 + 4*u - 3. Determine s(r).
-1
Suppose 4*n - 6 = 2. Suppose -3*v + 6 = 3*g, 5*v + 2*g + 1 = 8. Let i(l) = 9*l - 6*l - 2*l + v - l**2. Give i(n).
-1
Let n(r) be the first derivative of r - 1 + 2/3*r**3 - r**2. Let b be 2 + -3 + 1 + 1. Calculate n(b).
1
Suppose 2*j - 3*j + 2 = 0. Suppose -2*o = j*o. Let v(d) = -d**2 - d - 6. Determine v(o).
-6
Let u(t) = -7*t**3 - 9*t**2 + 6*t + 7. Let d(q) = -20*q**3 - 26*q**2 + 17*q + 20. Let b(n) = -6*d(n) + 17*u(n). Calculate b(-2).
3
Let u(n) = -n**3 - 3*n**2 - 3*n - 2. Let c be 2 + (-9)/(45/20). Determine u(c).
0
Suppose -4*v - 8 = -3*v. Suppose -3*h + a = -6, -3*h - h = 3*a - 21. Let x = h + v. Let n(q) = -2*q - 5. Determine n(x).
5
Let t(j) be the second derivative of 3*j**5/10 - j**4/12 + j**3/6 + j**2/2 + j. Let l(q) = q**2 - 2. Let r be l(-1). What is t(r)?
-7
Let m(s) = -22*s - 1. Suppose 13 = -4*x + 9. What is m(x)?
21
Let n(m) be the first derivative of -m**2 + 3*m + 4. Let l(z) = -z**3 - 2*z**2 + 2*z. Let d be l(-3). Calculate n(d).
-3
Let k be (5/2)/((-4)/(-8)). Let x = k + -3. Let g(l) = -l**3 + 2*l**2 - 2. Calculate g(x).
-2
Let h(q) = q - 1. Let j(x) = -x**2 + 11*x - 9. Let l(g) = 6*h(g) - j(g). Determine l(6).
9
Suppose 6*i - 10 = i. Let u(c) = -1 + 4*c**2 + 0*c**2 - 6*c**i + c**2. What is u(-2)?
-5
Let m = 2 - -1. Suppose -2*v = -m*v + 3. Let l(p) = -p**2 + p + 4. Give l(v).
-2
Let w(k) = -1 - 6*k + 6 + 6*k**2 - 16*k**3 + 15*k**3. Give w(5).
0
Let v be 2/(((-8)/(-10))/2). Suppose 5*t = -5*w + v, 4*w - 3*w + 7 = t. Let s(z) = z**3 - 5*z**2 + 5*z - 1. Give s(t).
3
Let k(m) = m**3 - 4*m**2 - 6*m - 6. Let c = -15 + 20. Give k(c).
-11
Let u be (-4)/14 - (-720)/70. Let s be u/8*(0 + 4). Let o(q) = q**2 - 4*q - 7. Determine o(s).
-2
Let r(c) = -c**2 - 10*c + 25. Let w be r(-12). Let d(b) = -29*b**3 + 2*b**2 - b. Determine d(w).
-28
Let d be (2 + 2)/((-2)/3). Let c(q) = -q**2 - 8*q - 7. Let h be c(d). Let z(i) = -3*i + 3. Determine z(h).
-12
Let w(i) be the first derivative of 1 + 2*i**2 - 1/3*i**3 - 3*i. Suppose 4*n = n + 15, -p = 3*n - 19. Calculate w(p).
-3
Let b(y) be the first derivative of -y**3/3 - y**2 + 4*y - 1. Give b(3).
-11
Let s(l) = -3*l - 48. Let n be s(-15). Let r(c) = c. Give r(n).
-3
Suppose 4*u + 20 = -4*i, 2*i - 1 = 1. Let j(p) = -p**3 - 7*p**2 - 6*p - 6. What is j(u)?
-6
Let o(w) = -6*w + 3. Let l be o(2). Let b be l/6 - (-1)/2. Let c(j) = j**2 + 6. Let m(n) = n**2 + 2. Let x(i) = -c(i) + 3*m(i). Calculate x(b).
2
Let h(z) = z**2 + z - 2. Let b = 54 + -51. Determine h(b).
10
Suppose -2*t + 3*z = -11, -z + 0*z - 1 = 0. Let n(f) be the first derivative of -4/3*f**3 + 1/4*f**t + 2 + f + 3/2*f**2. Determine n(3).
1
Suppose 0 = 3*a - 12 - 33. Let x be ((-12)/a)/((-4)/(-10)). Let c = x - -3. Let k(j) = -7*j + 1. Give k(c).
-6
Let k(q) = q + 0 + 1 - 5*q**3 + 4*q**2 - 4*q**2. Suppose -5*d + 0 = 5. Let v be (-1 - 0)*0 + d. Determine k(v).
5
Let z(f) = -f**3 + f*